 12 + -17. Let n be 8/2 + 0 + r. What is s(n)?
-25
Let r(n) = -n**3 - 5*n**2 + 12*n - 2. Let o be r(-7). Suppose -17*q = -o*q - 25. Let w(f) = 5*f - 3*f + 5 - q + 2. Calculate w(2).
6
Let v(j) be the second derivative of -j**4/4 - 5*j**3/6 - 6*j**2 - 4*j + 120. Determine v(-5).
-62
Let y be 294/(-98) + (-2)/(-2). Let t be -6 - y - (-14 - -9). Let d(a) = 12*a**2 - 2*a + 1. What is d(t)?
11
Let p(r) = -r**2 - r. Let u(o) = -o**3 - 11*o**2 - 10*o - 6. Let i(d) = 4*p(d) - u(d). Suppose -85 - 389 = 26*x + 53*x. Calculate i(x).
6
Let w(x) = x**2 - 6*x + 6. Let f be w(4). Let c(z) = -3 - 559*z + 217*z + 175*z + 163*z. Calculate c(f).
5
Let b(a) = -a + 1. Let y(d) = -3*d**2 - 3*d + 132. Let z(h) = -4*b(h) + y(h). Let l(k) be the first derivative of z(k). Calculate l(2).
-11
Let y(h) = h**3 - 2 - 2 - 7*h**2 + 9*h - 3*h**2. Let n(t) = 294*t - 1461. Let l be n(5). Give y(l).
-4
Let d = -15 - -6. Let n(t) be the third derivative of -t**4/24 - 5*t**3/6 - 207*t**2 + 2. What is n(d)?
4
Suppose h = -h - 3*w + 10, 0 = 5*h - 3*w - 4. Let f(o) = 3*o**2 + 3*o - 3. Let c(a) = -a**2 - a + 1. Let q(i) = 5*c(i) + 2*f(i). Calculate q(h).
5
Let g(a) = -6*a**3 + 3*a**2 - 9*a. Suppose 16*v = -51 - 13. Let f(q) = -7*q**3 + 4*q**2 - 11*q - 1. Let s(u) = v*f(u) + 5*g(u). What is s(0)?
4
Let p(m) = -m - 4. Let n be (18/(-4))/(-2 - (-40)/32). Suppose n - 10 = -i. Give p(i).
-8
Let i(n) be the third derivative of -n**5/60 - 13*n**4/24 - 5*n**3/3 + 21*n**2 + 11*n. Give i(-14).
-24
Let t be 4 - 0 - (-5 + 6). Let o = 81 - 73. Suppose -t*p + 7*p = o. Let u(w) = -w**2 - w. Determine u(p).
-6
Let n(x) be the second derivative of -x**4/24 + 5*x**3/3 + 25*x**2 + 2*x - 36. Let g(u) be the first derivative of n(u). Calculate g(0).
10
Let f(l) = l - 7. Let m be (-9 - (-6 - -6))/(1*-1). Suppose 0 = 9*v - 10*v + 3*k - m, 0 = 3*v - 2*k - 8. Determine f(v).
-1
Suppose -h - 532 = 5*c - 3*h, 3*c - 4*h + 308 = 0. Let v = -106 - c. Let y(u) = 2*u**2. What is y(v)?
8
Let l(o) = -115*o - 504. Let f(z) = -20*z - 101. Let w(s) = 11*f(s) - 2*l(s). What is w(9)?
-13
Let f(u) = u**3 + 13*u**2 - 15*u - 11. Let z(p) = -3*p - 32. Let y be z(-12). Suppose 3*h - 62 = 4*k, y*h - h - 20 = k. Determine f(k).
3
Let y(f) = f**3 - 16*f**2 - 18*f + 12. Let s(i) = 29*i - 1462. Let p be s(51). What is y(p)?
-5
Suppose -4*u = 2*y, 9*u = 3*y + 5*u. Suppose 20*l - 15*l - 25 = y. Let g(z) be the third derivative of z**4/8 + z**3/3 + 6*z**2. Determine g(l).
17
Let a(p) = -p**3 + p**2 + 14*p + 23. Let c be a(-7). Suppose -32 = -c*l + 309*l. Let u(y) = -y**2 + 2*y - 1. Give u(l).
-9
Suppose 2*a - 30 = 5*a. Let j(c) = -82*c - 19. Let m(h) = 13*h - 4. Let s(x) = j(x) + 6*m(x). Calculate s(a).
-3
Suppose 2*p = 2*x - 14, -19 - 20 = 5*p - 3*x. Let j(o) = -618*o**2 - 1140*o**2 + 21 + 2376*o**2 + 10*o - 617*o**2. Give j(p).
12
Let x(m) be the second derivative of -m**5/20 - m**4/3 - m**3/2 - 9*m**2/2 - 976*m. Determine x(-4).
3
Let v(q) = 308*q - 166. Let z(x) = -279*x + 165. Let s(g) = -9*v(g) - 10*z(g). Calculate s(10).
24
Let q(t) be the first derivative of -1/2*t**4 - 2/3*t**3 + t**2 - 1/20*t**5 - 42*t + 44. Let z(u) be the first derivative of q(u). Calculate z(-5).
-3
Let s be (-4 - 1*-2)*(-17 - 15). Let z = -19 + 77. Let o(a) = z - 121 + s + 2*a. Give o(-4).
-7
Let v(m) = -7*m**2 - 6*m + 5. Let j(q) = -52*q**2 - 42*q + 36. Let a(k) = 6*j(k) - 44*v(k). Give a(3).
-4
Let u(c) = -15*c - 4 + 10*c**2 + 1 + 2 + 14*c + 21*c**2. Give u(1).
29
Let i(x) = 3311 - 1653 + x - 1641. Determine i(6).
23
Let v(b) = 3*b - 77. Let m(k) = -184*k + 2417. Let o be m(13). What is v(o)?
-2
Let j(a) = -3 + 4*a + 2 + 5. Let x be ((-145)/(-87))/((-2)/(-48)). Suppose -41*s + x = -51*s. Give j(s).
-12
Let u(s) = -3*s**2 - 15*s - 10. Let d(b) = b**2 + 5*b + 3. Let q(i) = 8*d(i) + 3*u(i). Let t be 2505/(-90) - (-1)/(-6). Let y = 23 + t. Calculate q(y).
-6
Let s(f) = 2*f**3 - f**3 - 2 - 170*f - 182*f - 9*f**2 + 536*f - 172*f. Determine s(7).
-16
Let g(w) = -w**3 + 11*w**2 - 2*w + 25. Suppose t - 2*d - 3 + 406 = 0, -3*t + 3*d - 1224 = 0. Let y = t - -424. Give g(y).
3
Let t(o) = 3 + 4*o - 3*o - 1. Let r(c) = -c**2 + 27*c - 105. Let d = -903 + 925. Let l be r(d). What is t(l)?
7
Let m(n) = 7*n**2 - 407*n + 58. Let d be m(58). Let g(s) = 3*s - 3. Give g(d).
-3
Let d(b) = -b**3 - b**2 - 71*b + 6. Let w be d(0). Let v(z) = -2*z**3 + 10*z**2 + 7*z + 18. Calculate v(w).
-12
Suppose 0 = -a - 5*b - 0*b - 14, 4*b + 13 = a. Let u be ((-8)/6 + a)*0. Let g(k) = k**2 - k + 1. Give g(u).
1
Suppose 4471*n = 4503*n - 192. Let r(w) = 14*w + 5. Determine r(n).
89
Suppose 0 = -5*f, y - 4*f = 3*y + 6. Let w(m) be the second derivative of -m**5/20 + m**4/6 + m**3/6 + 28*m. Calculate w(y).
42
Let k(q) be the first derivative of q**4/4 + 8*q**3/3 - 9*q**2/2 - 18*q + 3414. Give k(-9).
-18
Suppose -34 = -3*x + 3*o + 23, -o = -3*x + 57. Let g(k) = 41 + 38 - 14*k + 2*k**2 - k**2 - 9*k. Let b be g(x). Let l(u) = u - 3. Give l(b).
0
Let j(b) = -7*b**2 + 1. Suppose 215 = 3*o + 11. Let l = o - 69. Give j(l).
-6
Suppose -23 = -3*n - 8. Suppose q - 5*a = -0*q - 18, -12 = -2*q - 2*a. Let j(r) = -n*r + 0 - q*r + 2 + 7*r**2 - 6*r**2. What is j(5)?
-8
Suppose -12 = p - 3*p. Let t(i) = -446*i + 8 + 0 - 3 + 892*i - 444*i. Calculate t(p).
17
Let r be 3/(-9) + (-35)/3. Let z(s) = s**2 + 12*s + 6. Let c be z(r). Let l(a) = 0*a**3 + 29*a - a**3 + 14 - 24*a - 7 + 5*a**2. Determine l(c).
1
Suppose -5*s - 52*i = -47*i - 5, 2*s + 3*i - 1 = 0. Let l(u) = -4*u**2 - 2*u + 5. Calculate l(s).
-15
Let w be (1261182/234)/(2/78). Let t(a) = -14*a**3 + a - 210197 + w. What is t(1)?
-13
Suppose -4*n = g, -2*g + 3*n + 7 = -4. Let p(h) be the third derivative of h**6/120 - h**5/20 - 5*h**4/24 - h**3/3 - 1473*h**2. Calculate p(g).
-6
Let x(s) = -5 + 1 + 2*s**2 + 0 + 2. Suppose -812 = 4*u + 3*p - 227, 4*p + 300 = -2*u. Let b = 142 + u. Give x(b).
6
Let a(j) = -j**3 - 7*j**2 + j + 7. Let t be (0 + 1)*(-20)/(-10). Suppose 0 = t*d + 6, -h + 15 = 2*h + 2*d. Suppose 7 = -2*b - h. Determine a(b).
0
Let a(w) = w**3 - 13*w**2 + w + 133. Suppose 105984*g - 25 = 105978*g + 47. Calculate a(g).
1
Let j(c) be the third derivative of c**4/24 - 9*c**3/2 + 839*c**2 - 2*c. What is j(19)?
-8
Let q be 5 + -4 + -7 + 6/(-3)*-2. Let x be 23/(-7) + 6/21. Let f(m) = 6*m. Let k(g) = 7*g. Let i(w) = x*k(w) + 4*f(w). Give i(q).
-6
Let g = 51 + -52. Let n be 2 + (g - 0) - -3. Let f(s) = s**3 - 2*s**2 - 6*s + 5. What is f(n)?
13
Let j = 45 - 43. Let q(t) = 4*t**j + t**3 + 12 + t**2 - 19. Give q(-5).
-7
Let y(v) be the first derivative of v**4/4 + 19*v**3/3 + 21*v**2/2 - 21*v + 10154. Calculate y(-18).
-75
Let g(d) = -35*d - 1. Suppose -180*v + 188*v - 16 = 0. Let u be ((32/24)/v)/(2/(-3)). Calculate g(u).
34
Let l(a) = -12*a + 13. Let g(n) = n**2 - 15*n - 444. Let v be g(30). Determine l(v).
-59
Let u(y) = 11*y**2 - 15*y - 75. Let i(z) = 5*z**2 - 4*z + 2. Let b(n) = -2*i(n) + u(n). Determine b(14).
19
Let r(w) = 12*w - 61. Let d(v) = 4*v - 1. Let k(b) = 4*d(b) - r(b). Determine k(-15).
-3
Let l = 70 + -198. Let o = l + 144. Let j(c) = -c + 20. Calculate j(o).
4
Let l be 1638/(-90) + 17 - -3*(-24)/15. Suppose -2*t + 0 = x - 1, 0 = -3*t - 3. Let u(m) = -m**3 + 0*m**2 - 2*m**2 + 9 - x*m**2 - m**2 + 2*m. Give u(l).
-3
Let q(c) = -14 + 30 - c + 2 + 0. Give q(13).
5
Let c(s) = -s**3 - 5*s**2 - 6*s - 20. Let j(l) = -l - 2. Let i(v) = c(v) - 8*j(v). Give i(-4).
-28
Let d(y) = y**3 + 5*y**2 - 8*y. Let h = -177 - -177. Let k be 4/(-14) + (-32)/(-14). Suppose 0 = q - 2*q + 2*u - 10, h = -2*q - k*u - 8. Give d(q).
12
Let p(v) = -v**3 + 3*v**2 + 3*v - 5. Suppose 0 = 2*d + 4*j - 24, 0 = 4*d + 423*j - 421*j - 18. What is p(d)?
5
Let k(v) = -v**3 - v**2 - 3*v + 1. Let m(l) = 5*l**3 + 5*l + 1. Let h(w) = -k(w) - m(w). What is h(-1)?
5
Let f(u) be the second derivative of u**3/6 + 3*u**2/2 + 8*u. Let h = -5424 + 5423. Determine f(h).
2
Let r be (-96)/4*-2*(-1)/6. Let z(g) = 5*g**3 - 25*g**2 - 16*g - 7. Let d(s) = 2*s**3 - 12*s**2 - 8*s - 3. Let u(l) = -7*d(l) + 3*z(l). Determine u(r).
0
Let q(n) = n**3 + 11*n**2 + n - 16. Suppose 5*l + 245 = -2*y + 178, 4*l + 74 = -5*y. Give q(l).
-27
Suppose 0 = -3*q + 4*q + 4. Let n(f) = -59*f**2 - 12*f - 44. Let y(a) = -17*a**2 - 4*a - 14. Let t(u) = 2*n(u) - 7*y(u). Determine t(q).
10
Let s = -16332 - -16336. Let j(k) =